{"id":48,"date":"2020-04-01T11:33:06","date_gmt":"2020-04-01T11:33:06","guid":{"rendered":"https:\/\/elektrotechnik-farkas.at\/typography\/"},"modified":"2024-02-29T08:40:35","modified_gmt":"2024-02-29T08:40:35","slug":"impressum","status":"publish","type":"page","link":"https:\/\/elektrotechnik-farkas.at\/?page_id=48","title":{"rendered":"Impressum"},"content":{"rendered":"\t\t<div data-elementor-type=\"wp-page\" data-elementor-id=\"48\" class=\"elementor elementor-48\" data-elementor-post-type=\"page\">\n\t\t\t\t\t\t<section class=\"elementor-section elementor-top-section elementor-element elementor-element-655d434 elementor-section-stretched elementor-section-boxed elementor-section-height-default elementor-section-height-default sc_fly_static\" data-id=\"655d434\" data-element_type=\"section\" data-settings=\"{&quot;stretch_section&quot;:&quot;section-stretched&quot;}\">\n\t\t\t\t\t\t<div class=\"elementor-container elementor-column-gap-no\">\n\t\t\t\t\t<div class=\"elementor-column elementor-col-100 elementor-top-column elementor-element elementor-element-33e3f38 sc_layouts_column_align_center sc_layouts_column sc_inner_width_none sc_content_align_inherit sc_layouts_column_icons_position_left sc_fly_static\" data-id=\"33e3f38\" data-element_type=\"column\">\n\t\t\t<div class=\"elementor-widget-wrap elementor-element-populated\">\n\t\t\t\t\t\t<div class=\"elementor-element elementor-element-18fa434 sc_fly_static elementor-widget elementor-widget-heading\" data-id=\"18fa434\" data-element_type=\"widget\" data-widget_type=\"heading.default\">\n\t\t\t\t<div class=\"elementor-widget-container\">\n\t\t\t<h1 class=\"elementor-heading-title elementor-size-default\">Impressum<\/h1>\t\t<\/div>\n\t\t\t\t<\/div>\n\t\t\t\t\t<\/div>\n\t\t<\/div>\n\t\t\t\t\t<\/div>\n\t\t<\/section>\n\t\t\t\t<section class=\"elementor-section elementor-top-section elementor-element elementor-element-6e8e2cf5 elementor-section-stretched elementor-section-boxed elementor-section-height-default elementor-section-height-default sc_fly_static\" data-id=\"6e8e2cf5\" data-element_type=\"section\" data-settings=\"{&quot;stretch_section&quot;:&quot;section-stretched&quot;}\">\n\t\t\t\t\t\t<div class=\"elementor-container elementor-column-gap-no\">\n\t\t\t\t\t<div class=\"elementor-column elementor-col-100 elementor-top-column elementor-element elementor-element-217a69c8 sc_inner_width_none sc_content_align_inherit sc_layouts_column_icons_position_left sc_fly_static\" data-id=\"217a69c8\" data-element_type=\"column\">\n\t\t\t<div class=\"elementor-widget-wrap elementor-element-populated\">\n\t\t\t\t\t\t<div class=\"elementor-element elementor-element-2e7e71f1 sc_fly_static elementor-widget elementor-widget-text-editor\" data-id=\"2e7e71f1\" data-element_type=\"widget\" data-widget_type=\"text-editor.default\">\n\t\t\t\t<div class=\"elementor-widget-container\">\n\t\t\t\t\t\t\t<div data-desktop-col=\"one\" data-tablet-col=\"tablet-one\" data-mobile-col=\"mobile-one\"><div><div><div><div><p lang=\"de-AT\">Informationspflicht laut \u00a75 E-Commerce Gesetz, \u00a714 Unternehmensgesetzbuch, \u00a763 Gewerbeordnung und Offenlegungspflicht laut \u00a725 Mediengesetz.<\/p><\/div><\/div><\/div><\/div><\/div><div data-desktop-col=\"one\" data-tablet-col=\"tablet-one\" data-mobile-col=\"mobile-one\"><p><strong>Rainer Farkas<br \/><\/strong>An der Wehr 4\/4<br \/>7503\u00a0Jabing<\/p><p><b>Telefon: <\/b><a class=\"link link-with-icon-left\" href=\"tel:+436642647289\" target=\"_blank\" rel=\"noopener noreferrer\" data-gtm-event=\"kontaktinfo-phone-click\">+43664 26 47<\/a><a class=\"link link-with-icon-left\" href=\"tel:+436642647289\" target=\"_blank\" rel=\"noopener noreferrer\" data-gtm-event=\"kontaktinfo-phone-click\"> 289<\/a><br \/><b>E-Mail:<\/b> <a class=\"link link-with-icon-left\" href=\"mailto:office@elektrotechnik-farkas.at\" target=\"_blank\" rel=\"noopener\" data-gtm-event=\"kontaktinfo-mail-click\">office@elektrotechnik-farkas.at<\/a><\/p><h4>Umsatzsteuer-ID<\/h4><p>Umsatzsteuer-Identifikationsnummer gem\u00e4\u00df \u00a7 27 a Umsatzsteuergesetz: <span class=\"number\">ATU63576348<\/span><\/p><h4>Berufsbezeichnung und berufsrechtliche Regelungen<\/h4><p>Alarmanlagenerrichter, Elektrotechniker<\/p><p><b>Zust\u00e4ndige Kammer:<\/b> WKO Burgenland<\/p><h4>Es gelten folgende berufsrechtliche Regelungen:<\/h4><p><b>Redaktionell verantwortlich:<\/b> Rainer Farkas<\/p><p><span style=\"color: #1d1d1d; font-family: Montserrat, sans-serif; font-size: 1.6429em; font-weight: 600; letter-spacing: -0.3px;\">Technische Umsetzung &amp; Projektabwicklung:<\/span><\/p><p><a href=\"https:\/\/devconnect.at\/\" target=\"_blank\" rel=\"noopener\"><img decoding=\"async\" class=\"size-medium wp-image-1495\" src=\"https:\/\/elektrotechnik-farkas.at\/wp-content\/uploads\/2024\/02\/Logo-1200x269-black-CI-300x67.png\" alt=\"Devconnect e.U. Logo mit Slogan\" width=\"300\" height=\"67\" srcset=\"https:\/\/elektrotechnik-farkas.at\/wp-content\/uploads\/2024\/02\/Logo-1200x269-black-CI-300x67.png 300w, https:\/\/elektrotechnik-farkas.at\/wp-content\/uploads\/2024\/02\/Logo-1200x269-black-CI-1024x230.png 1024w, https:\/\/elektrotechnik-farkas.at\/wp-content\/uploads\/2024\/02\/Logo-1200x269-black-CI-768x172.png 768w, https:\/\/elektrotechnik-farkas.at\/wp-content\/uploads\/2024\/02\/Logo-1200x269-black-CI-370x83.png 370w, https:\/\/elektrotechnik-farkas.at\/wp-content\/uploads\/2024\/02\/Logo-1200x269-black-CI-840x188.png 840w, https:\/\/elektrotechnik-farkas.at\/wp-content\/uploads\/2024\/02\/Logo-1200x269-black-CI-410x92.png 410w, https:\/\/elektrotechnik-farkas.at\/wp-content\/uploads\/2024\/02\/Logo-1200x269-black-CI-600x135.png 600w, https:\/\/elektrotechnik-farkas.at\/wp-content\/uploads\/2024\/02\/Logo-1200x269-black-CI.png 1200w\" sizes=\"(max-width: 300px) 100vw, 300px\" \/><\/a><\/p><p><b>EU-Streitschlichtung:<br \/><\/b>Angaben zur Online-Streitbeilegung: Verbraucher haben die M\u00f6glichkeit, Beschwerden an die Online-Streitbeilegungsplattform der EU zu richten:\u00a0<a href=\"http:\/\/ec.europa.eu\/odr\">http:\/\/ec.europa.eu\/odr<\/a>. Sie k\u00f6nnen allf\u00e4llige Beschwerde auch an die oben angegebene E-Mail-Adresse richten. Wir m\u00f6chten Sie jedoch darauf hinweisen, dass wir nicht bereit oder verpflichtet sind, an Streitbeilegungsverfahren vor einer Verbraucherschlichtungsstelle teilzunehmen.<br \/><b><\/b><\/p><p><b>Haftung f\u00fcr Inhalte dieser Webseite<br \/><\/b>Wir entwickeln die Inhalte dieser Webseite st\u00e4ndig weiter und bem\u00fchen uns, korrekte und aktuelle Informationen bereitzustellen. Leider k\u00f6nnen wir keine Haftung f\u00fcr die Korrektheit aller Inhalte auf dieser Webseite \u00fcbernehmen, speziell f\u00fcr jene, die seitens Dritter bereitgestellt wird. Sollten Ihnen problematische oder rechtswidrige Inhalte auffallen, bitten wir Sie uns umgehend zu kontaktieren, Sie finden die Kontaktdaten im Impressum.<\/p><p><b>Haftung f\u00fcr Links auf dieser Webseite<br \/><\/b>Unsere Webseite enth\u00e4lt Links zu anderen Webseiten f\u00fcr deren Inhalt wir nicht verantwortlich sind. Wenn Ihnen rechtswidrige Links auf unserer Webseite auffallen, bitte wir Sie uns zu kontaktieren, Sie finden die Kontaktdaten im Impressum.<\/p><p><b>Urheberrechtshinweis<\/b><br \/>Alle Inhalte dieser Webseite (Bilder, Fotos, Texte, Videos) unterliegen dem Urheberrecht. Falls notwendig, werden wir die unerlaubte Nutzung von Teilen der Inhalte unserer Seite rechtlich verfolgen.<\/p><p><b>Bildernachweis<br \/><\/b>Freepik, Rainer Farkas<\/p><\/div>\t\t\t\t\t\t<\/div>\n\t\t\t\t<\/div>\n\t\t\t\t<div class=\"elementor-element elementor-element-95844ab elementor-widget-divider--view-line sc_fly_static elementor-widget elementor-widget-divider\" data-id=\"95844ab\" data-element_type=\"widget\" data-widget_type=\"divider.default\">\n\t\t\t\t<div class=\"elementor-widget-container\">\n\t\t\t\t\t<div class=\"elementor-divider\">\n\t\t\t<span class=\"elementor-divider-separator\">\n\t\t\t\t\t\t<\/span>\n\t\t<\/div>\n\t\t\t\t<\/div>\n\t\t\t\t<\/div>\n\t\t\t\t\t<\/div>\n\t\t<\/div>\n\t\t\t\t\t<\/div>\n\t\t<\/section>\n\t\t\t\t<\/div>\n\t\t","protected":false},"excerpt":{"rendered":"<p>Informationspflicht laut \u00a75 E-Commerce Gesetz, \u00a714 Unternehmensgesetzbuch, \u00a763 Gewerbeordnung und Offenlegungspflicht laut \u00a725 Mediengesetz. Rainer FarkasAn der Wehr 4\/47503\u00a0Jabing Telefon: +43664 26 47 289E-Mail: office@elektrotechnik-farkas.at Umsatzsteuer-ID Umsatzsteuer-Identifikationsnummer gem\u00e4\u00df \u00a7 27&hellip;<\/p>\n","protected":false},"author":1,"featured_media":0,"parent":0,"menu_order":0,"comment_status":"closed","ping_status":"closed","template":"","meta":{"footnotes":""},"_links":{"self":[{"href":"https:\/\/elektrotechnik-farkas.at\/index.php?rest_route=\/wp\/v2\/pages\/48"}],"collection":[{"href":"https:\/\/elektrotechnik-farkas.at\/index.php?rest_route=\/wp\/v2\/pages"}],"about":[{"href":"https:\/\/elektrotechnik-farkas.at\/index.php?rest_route=\/wp\/v2\/types\/page"}],"author":[{"embeddable":true,"href":"https:\/\/elektrotechnik-farkas.at\/index.php?rest_route=\/wp\/v2\/users\/1"}],"replies":[{"embeddable":true,"href":"https:\/\/elektrotechnik-farkas.at\/index.php?rest_route=%2Fwp%2Fv2%2Fcomments&post=48"}],"version-history":[{"count":80,"href":"https:\/\/elektrotechnik-farkas.at\/index.php?rest_route=\/wp\/v2\/pages\/48\/revisions"}],"predecessor-version":[{"id":1504,"href":"https:\/\/elektrotechnik-farkas.at\/index.php?rest_route=\/wp\/v2\/pages\/48\/revisions\/1504"}],"wp:attachment":[{"href":"https:\/\/elektrotechnik-farkas.at\/index.php?rest_route=%2Fwp%2Fv2%2Fmedia&parent=48"}],"curies":[{"name":"wp","href":"https:\/\/api.w.org\/{rel}","templated":true}]}}

<div data-elementor-type="wp-page" data-elementor-id="48" class="elementor elementor-48" data-elementor-post-type="page">
						<section class="elementor-section elementor-top-section elementor-element elementor-element-655d434 elementor-section-stretched elementor-section-boxed elementor-section-height-default elementor-section-height-default sc_fly_static" data-id="655d434" data-element_type="section" data-settings="{&quot;stretch_section&quot;:&quot;section-stretched&quot;}">
						<div class="elementor-container elementor-column-gap-no">
					<div class="elementor-column elementor-col-100 elementor-top-column elementor-element elementor-element-33e3f38 sc_layouts_column_align_center sc_layouts_column sc_inner_width_none sc_content_align_inherit sc_layouts_column_icons_position_left sc_fly_static" data-id="33e3f38" data-element_type="column">
			<div class="elementor-widget-wrap elementor-element-populated">
						<div class="elementor-element elementor-element-18fa434 sc_fly_static elementor-widget elementor-widget-heading" data-id="18fa434" data-element_type="widget" data-widget_type="heading.default">
				<div class="elementor-widget-container">
			<h1 class="elementor-heading-title elementor-size-default">Impressum</h1>		</div>
				</div>
					</div>
		</div>
					</div>
		</section>
				<section class="elementor-section elementor-top-section elementor-element elementor-element-6e8e2cf5 elementor-section-stretched elementor-section-boxed elementor-section-height-default elementor-section-height-default sc_fly_static" data-id="6e8e2cf5" data-element_type="section" data-settings="{&quot;stretch_section&quot;:&quot;section-stretched&quot;}">
						<div class="elementor-container elementor-column-gap-no">
					<div class="elementor-column elementor-col-100 elementor-top-column elementor-element elementor-element-217a69c8 sc_inner_width_none sc_content_align_inherit sc_layouts_column_icons_position_left sc_fly_static" data-id="217a69c8" data-element_type="column">
			<div class="elementor-widget-wrap elementor-element-populated">
						<div class="elementor-element elementor-element-2e7e71f1 sc_fly_static elementor-widget elementor-widget-text-editor" data-id="2e7e71f1" data-element_type="widget" data-widget_type="text-editor.default">
				<div class="elementor-widget-container">
							<div data-desktop-col="one" data-tablet-col="tablet-one" data-mobile-col="mobile-one"><div><div><div><div><p lang="de-AT">Informationspflicht laut §5 E-Commerce Gesetz, §14 Unternehmensgesetzbuch, §63 Gewerbeordnung und Offenlegungspflicht laut §25 Mediengesetz.</p></div></div></div></div></div><div data-desktop-col="one" data-tablet-col="tablet-one" data-mobile-col="mobile-one"><p><strong>Rainer Farkas<br /></strong>An der Wehr 4/4<br />7503 Jabing</p><p><b>Telefon: </b><a class="link link-with-icon-left" href="tel:+436642647289" target="_blank" rel="noopener noreferrer" data-gtm-event="kontaktinfo-phone-click">+43664 26 47</a><a class="link link-with-icon-left" href="tel:+436642647289" target="_blank" rel="noopener noreferrer" data-gtm-event="kontaktinfo-phone-click"> 289</a><br /><b>E-Mail:</b> <a class="link link-with-icon-left" href="mailto:office@elektrotechnik-farkas.at" target="_blank" rel="noopener" data-gtm-event="kontaktinfo-mail-click">office@elektrotechnik-farkas.at</a></p><h4>Umsatzsteuer-ID</h4><p>Umsatzsteuer-Identifikationsnummer gemäß § 27 a Umsatzsteuergesetz: <span class="number">ATU63576348</span></p><h4>Berufsbezeichnung und berufsrechtliche Regelungen</h4><p>Alarmanlagenerrichter, Elektrotechniker</p><p><b>Zuständige Kammer:</b> WKO Burgenland</p><h4>Es gelten folgende berufsrechtliche Regelungen:</h4><p><b>Redaktionell verantwortlich:</b> Rainer Farkas</p><p><span style="color: #1d1d1d; font-family: Montserrat, sans-serif; font-size: 1.6429em; font-weight: 600; letter-spacing: -0.3px;">Technische Umsetzung &amp; Projektabwicklung:</span></p><p><a href="https://devconnect.at/" target="_blank" rel="noopener"><img decoding="async" class="size-medium wp-image-1495" src="https://elektrotechnik-farkas.at/wp-content/uploads/2024/02/Logo-1200x269-black-CI-300x67.png" alt="Devconnect e.U. Logo mit Slogan" width="300" height="67" srcset="https://elektrotechnik-farkas.at/wp-content/uploads/2024/02/Logo-1200x269-black-CI-300x67.png 300w, https://elektrotechnik-farkas.at/wp-content/uploads/2024/02/Logo-1200x269-black-CI-1024x230.png 1024w, https://elektrotechnik-farkas.at/wp-content/uploads/2024/02/Logo-1200x269-black-CI-768x172.png 768w, https://elektrotechnik-farkas.at/wp-content/uploads/2024/02/Logo-1200x269-black-CI-370x83.png 370w, https://elektrotechnik-farkas.at/wp-content/uploads/2024/02/Logo-1200x269-black-CI-840x188.png 840w, https://elektrotechnik-farkas.at/wp-content/uploads/2024/02/Logo-1200x269-black-CI-410x92.png 410w, https://elektrotechnik-farkas.at/wp-content/uploads/2024/02/Logo-1200x269-black-CI-600x135.png 600w, https://elektrotechnik-farkas.at/wp-content/uploads/2024/02/Logo-1200x269-black-CI.png 1200w" sizes="(max-width: 300px) 100vw, 300px" /></a></p><p><b>EU-Streitschlichtung:<br /></b>Angaben zur Online-Streitbeilegung: Verbraucher haben die Möglichkeit, Beschwerden an die Online-Streitbeilegungsplattform der EU zu richten: <a href="http://ec.europa.eu/odr">http://ec.europa.eu/odr</a>. Sie können allfällige Beschwerde auch an die oben angegebene E-Mail-Adresse richten. Wir möchten Sie jedoch darauf hinweisen, dass wir nicht bereit oder verpflichtet sind, an Streitbeilegungsverfahren vor einer Verbraucherschlichtungsstelle teilzunehmen.<br /><b></b></p><p><b>Haftung für Inhalte dieser Webseite<br /></b>Wir entwickeln die Inhalte dieser Webseite ständig weiter und bemühen uns, korrekte und aktuelle Informationen bereitzustellen. Leider können wir keine Haftung für die Korrektheit aller Inhalte auf dieser Webseite übernehmen, speziell für jene, die seitens Dritter bereitgestellt wird. Sollten Ihnen problematische oder rechtswidrige Inhalte auffallen, bitten wir Sie uns umgehend zu kontaktieren, Sie finden die Kontaktdaten im Impressum.</p><p><b>Haftung für Links auf dieser Webseite<br /></b>Unsere Webseite enthält Links zu anderen Webseiten für deren Inhalt wir nicht verantwortlich sind. Wenn Ihnen rechtswidrige Links auf unserer Webseite auffallen, bitte wir Sie uns zu kontaktieren, Sie finden die Kontaktdaten im Impressum.</p><p><b>Urheberrechtshinweis</b><br />Alle Inhalte dieser Webseite (Bilder, Fotos, Texte, Videos) unterliegen dem Urheberrecht. Falls notwendig, werden wir die unerlaubte Nutzung von Teilen der Inhalte unserer Seite rechtlich verfolgen.</p><p><b>Bildernachweis<br /></b>Freepik, Rainer Farkas</p></div>						</div>
				</div>
				<div class="elementor-element elementor-element-95844ab elementor-widget-divider--view-line sc_fly_static elementor-widget elementor-widget-divider" data-id="95844ab" data-element_type="widget" data-widget_type="divider.default">
				<div class="elementor-widget-container">
					<div class="elementor-divider">
			<span class="elementor-divider-separator">
						</span>
		</div>
				</div>
				</div>
					</div>
		</div>
					</div>
		</section>
				</div>

<p>Informationspflicht laut §5 E-Commerce Gesetz, §14 Unternehmensgesetzbuch, §63 Gewerbeordnung und Offenlegungspflicht laut §25 Mediengesetz. Rainer FarkasAn der Wehr 4/47503 Jabing Telefon: +43664 26 47 289E-Mail: office@elektrotechnik-farkas.at Umsatzsteuer-ID Umsatzsteuer-Identifikationsnummer gemäß § 27&hellip;</p>
